3
Let t = 250 - 125. Let l = t + -22. Suppose -l*p + 104*p = 87. List the prime factors of p.
3, 29
Let d(o) = o**2 + 8*o - 883. List the prime factors of d(85).
2, 3511
Let u(h) be the first derivative of h**2/2 - h + 9. Let n(v) = 17*v - 4. Let a(g) = n(g) - 5*u(g). What are the prime factors of a(4)?
7
Let p = 123 - 121. List the prime factors of ((-11)/(33/9))/(p/(-394)).
3, 197
Suppose 91*g = 94*g + 5*f - 25611, f - 17067 = -2*g. List the prime factors of g.
2, 3, 79
Suppose -405 = -5*s - 2*f, -s + 76 = -4*f - 5. Suppose -5*z + 3*a = -80, -32 = -2*z - 50*a + 47*a. Let t = s + z. What are the prime factors of t?
97
Let a(l) = 2*l**3 + 6*l**2 - 3*l - 291. What are the prime factors of a(21)?
2, 3, 3469
Let x be (50 + 3)*(-5 + 6). Let n = -51 + x. Suppose n*a - 14 - 10 = 0. List the prime factors of a.
2, 3
Suppose -s - 324 = -13*s. Let w(m) = 7*m + s*m**2 - 9*m**2 + 21 - 12*m**2 - m**3. List the prime factors of w(7).
3, 7
Let n(c) = -60*c**2 + 10*c + 17. Let i be n(-4). Let m = -291 - i. List the prime factors of m.
2, 173
Let c = 168 + -151. Suppose -12948 = -c*z - 9*z. What are the prime factors of z?
2, 3, 83
List the prime factors of (1 + 0)*7333 + 30*(-4)/24.
2, 229
Let n = 76 + -54. Let g = 22 - n. Suppose 3*m - 84 - 66 = g. What are the prime factors of m?
2, 5
Let j = 6777 - 6777. Let h = -4 - 0. What are the prime factors of 3*-41*(-5 - (h + j))?
3, 41
Let w = 372 - 370. List the prime factors of (-9 - -14)/(w/202).
5, 101
Suppose -3*a = -2*r + 6*r + 11, -r + 3*a = -1. Let w be (80/(-28) - r)*-273. Let z = -132 + w. List the prime factors of z.
2, 3, 17
Let w = -8563 + 23005. What are the prime factors of w?
2, 3, 29, 83
Let y be 8 + (-1 - 11) + 190. Let q = -7 + 12. Let b = y - q. List the prime factors of b.
181
Let x(n) = -3*n**3 + 2*n**2 - 9*n + 13. Let b be x(3). Let h = 84 + b. Let s(a) = 28*a - 49. List the prime factors of s(h).
3, 7
Let i(o) = o**2 - 94*o + 54985. List the prime factors of i(0).
5, 7, 1571
Suppose 188*c - 184*c = 5*d + 24398, -d = -3*c + 18293. What are the prime factors of c?
7, 13, 67
Let p(b) = 49*b + 9. Let w(o) = -97*o - 19. Let x(g) = 11*p(g) + 6*w(g). What are the prime factors of x(-37)?
2, 197
Suppose -2*x + 3*r + 20172 = 0, 5*x + 36*r = 39*r + 50448. What are the prime factors of x?
2, 3, 29
Let u(t) be the third derivative of t**5/5 - t**4/24 - 5*t**3/6 - 53*t**2. List the prime factors of u(3).
2, 5
Let u be 669 + -4 + 4 + -5. Suppose -5*l + u = -w, -5*w = 5*l - 2*w - 668. Let h = 29 + l. List the prime factors of h.
2, 3
List the prime factors of (465708/112 - (-4)/28) + 2/(-8).
2, 3, 7, 11
Let v be (5 - (-34)/(-6))/((-2)/12). Suppose -35 + 27 = -v*f. Suppose f*o + h = 48, 4*o - 96 = -0*h + 3*h. List the prime factors of o.
2, 3
Suppose 22*q - 24*q - 28692 = -r, 0 = 2*q - 4. What are the prime factors of r?
2, 17, 211
Let h = 17 - 2. Suppose c + 5 = h. What are the prime factors of ((-5)/c)/(4/(-304))?
2, 19
Let d(x) = x + 51. Let c be d(0). Suppose 0 = 3*k - 3 + c. Let y(j) = -j**3 - 15*j**2 + 12*j. List the prime factors of y(k).
2
Let w = 61 + -59. Suppose -4*b = j + 2*j - 22, w*b = 2. Suppose -123 = 5*l - j*l. What are the prime factors of l?
3, 41
List the prime factors of (-12911 - -15*9/(-4 - 41))*-4.
2, 11, 587
Let r(u) = -937*u**3 - 4*u**2 - 2*u - 1. What are the prime factors of r(-3)?
2, 6317
Let n = 4366 - 3612. What are the prime factors of n?
2, 13, 29
Let v = -16946 + 28967. List the prime factors of v.
3, 4007
Suppose -96036 = -26*u - 16*u + 93132. What are the prime factors of u?
2, 563
Suppose 0 = 23*y - 26*y + 4896. Suppose y + 1008 = 6*l. Suppose -4*n + l = 4*c, 624 - 86 = 5*c + n. List the prime factors of c.
107
Let a = 55717 - 39503. List the prime factors of a.
2, 11, 67
What are the prime factors of (-160)/(-40) + (6873 - 1)/((-3)/(-6))?
2, 7, 491
List the prime factors of (-168)/(-1428) - (-3 + 1576440/(-34)).
89, 521
Suppose -2*w + 68 = 18. Let n = 34 - w. Suppose 692 = -5*q + n*q. List the prime factors of q.
173
Suppose 0*j - 44 = 2*j. Let c(o) = o**2 + 44*o - 463. Let u be c(-54). Let w = j + u. What are the prime factors of w?
5, 11
Let i = 11009 + -4583. What are the prime factors of i?
2, 3, 7, 17
Suppose -t + 5*j = -54191, -232*j - 271225 = -5*t - 237*j. What are the prime factors of t?
2, 7, 13, 149
Let d(b) = -12*b - 2. Suppose f - 2*f - 33 = 0. Let j = 21 + f. What are the prime factors of d(j)?
2, 71
Suppose 4 = -m, 0 = a + 2*a + 5*m + 14. Suppose -a*y = -12*y + 40. Suppose y*v = -3*n + 16, 6*v + 9 = 3*n + 3*v. List the prime factors of n.
2
Suppose -6236 - 12637 = -9*d. Suppose 0 = 5*m - 2*f - d, -4*m + 4*f - 858 = -6*m. What are the prime factors of m?
421
Let z be (-1)/((-15)/(-10))*(-111)/(-2). Let j = z - -1028. List the prime factors of j.
991
Let n = -135 - -234. Let q be (5 - 7)/(-3 - 94/(-31)). Let r = q + n. List the prime factors of r.
37
Let z be (14 - 9) + (233 - 1) + -2. Suppose 9*r - 98 = z. List the prime factors of r.
37
Let l = -220 + 223. Suppose 158 = -2*n + l*n + 2*c, 0 = -5*n + 3*c + 738. What are the prime factors of n?
2, 3, 5
Let v(j) = j**3 - 16*j**2 + 3*j - 24. Let x be v(16). Let c be (-6 + x)*40/12. Let m = c - 6. List the prime factors of m.
2, 3
Let w = 11475 - 2289. What are the prime factors of w?
2, 3, 1531
Suppose -83*r + 584714 = 3*r. What are the prime factors of r?
13, 523
Suppose 3*h = -h - 44. Let q(k) be the first derivative of k**4/4 + 3*k**3 - 25*k**2/2 - k + 107. What are the prime factors of q(h)?
2
Let k be ((-497450)/75)/(2/(-3)). Suppose k = -33*a + 40936. What are the prime factors of a?
3, 313
Suppose -3*k - 440 = -458, 3*u - 58590 = 3*k. List the prime factors of u.
2, 3, 11, 37
Suppose 5*z - 385 = -5*h, -3*z + 3*h - 5*h + 233 = 0. Suppose -2*l + z - 374 = -m, -3*m + l + 895 = 0. List the prime factors of m.
13, 23
Let o(i) = 6*i**2 - i - 1. Let z be o(-1). Let b be (1 - (-4)/z)*3. Let u(r) = 5*r**2 - 4*r - 7. What are the prime factors of u(b)?
2, 7
What are the prime factors of (-13)/(-429) + (-56920)/(-165)?
3, 5, 23
Suppose 4*v + 44 = -4*x, 31 = -5*x + v - 0*v. Let j(m) = -129*m + 24. What are the prime factors of j(x)?
3, 103
Suppose 29 = -5*y + 2*b - b, 5*y = -2*b - 17. Let f(i) = -15*i + 10. Let d be f(y). Let v = 151 - d. List the prime factors of v.
2, 3, 11
Let o = -3 - 1. Let i = -425 + 426. List the prime factors of (i/((-1)/o))/((-8)/(-412)).
2, 103
Let k = 2269 - -16953. What are the prime factors of k?
2, 7, 1373
What are the prime factors of (-1887 - (2 - (-2 + 6)))*(-4 + 2)?
2, 5, 13, 29
Let w be 1 - (-2 + 3) - 3. Let g(s) = -11*s**3 + 8*s**2 + 13*s - 1. List the prime factors of g(w).
7, 47
Let t = 5 - 5. Suppose -20*g + 59*g = 78. Suppose 5*p + g*s - 878 = t, -3*p = -0*p + 4*s - 538. What are the prime factors of p?
2, 3, 29
Let c(o) be the second derivative of -o**3/2 - o**2/2 + 7*o. Let k = 432 - 436. List the prime factors of c(k).
11
Let u(l) = 6*l**2 - 30*l - 254. Let d(t) = 2*t**2 - 11*t - 85. Let a(v) = -8*d(v) + 3*u(v). What are the prime factors of a(-20)?
2, 379
Let h(b) = b**2 + 6*b + 33. Let z be h(-4). Suppose -5*u + z = 0, 3*t + 3100 = 8*t - 2*u. What are the prime factors of t?
2, 311
Suppose 11*r - 742 = 4*r. Let z = r - 100. List the prime factors of -446*(-3)/6 - (z - 2).
3, 73
Let f = 770 + -770. Suppose f = 9*k - 746 - 5041. List the prime factors of k.
643
Let x = 25505 - 23874. What are the prime factors of x?
7, 233
Let y(m) = 144*m + 25. Let n = 46 + -43. Let f be y(n). Suppose o = -5*j + 753, -3*j + f = o - 3*o. List the prime factors of j.
151
Suppose 0 = z - 1, -z + 142849 + 66936 = 6*s. List the prime factors of s.
2, 8741
Let n(m) = 23*m**3 + 15*m**2 - 69*m + 203. What are the prime factors of n(8)?
3, 4129
Suppose -4*k + 3*o = 10, -5*k - 3*o - 2 = 24. Let y be 5*(1 - (k - 106)). Suppose -4*t + 736 = -0*t + 4*j, -y = -3*t - 4*j. List the prime factors of t.
181
Suppose 18*m + 27*m = 171585. What are the prime factors of m?
3, 31, 41
Suppose 44*k + 756*k = 183*k + 7824177. List the prime factors of k.
3, 1409
Let l(n) = 2*n + 352. What are the prime factors of l(-140)?
2, 3
Let t = 1722 - 681. What are the prime factors of t?
3, 347
Let v(g) be the second derivative of -11*g - 5/2*g**2 + 0 + 9/2*g**3. What are the prime factors of v(3)?
2, 19
Let i = 292